{"id":339,"date":"2025-04-09T05:39:22","date_gmt":"2025-04-09T05:39:22","guid":{"rendered":"https:\/\/tierosteopathie.sh\/?page_id=339"},"modified":"2025-04-10T09:33:11","modified_gmt":"2025-04-10T09:33:11","slug":"newsletter-anmeldung","status":"publish","type":"page","link":"https:\/\/tierosteopathie.sh\/index.php\/newsletter-anmeldung\/","title":{"rendered":"newsletteranmeldung"},"content":{"rendered":"<h2>Bleib auf dem Laufenden \u2013 mit unserem Newsletter!<\/h2>\n<p data-start=\"175\" data-end=\"344\">Du m\u00f6chtest keine wichtigen Termine, Angebote oder Neuigkeiten rund um die Tierosteopathie und -physiotherapie verpassen? Dann melde dich jetzt zu unserem Newsletter an!<\/p>\n<p data-start=\"346\" data-end=\"392\">Mit unserem Newsletter erf\u00e4hrst du regelm\u00e4\u00dfig:<\/p>\n<ul data-start=\"394\" data-end=\"692\">\n<li data-start=\"394\" data-end=\"465\">\n<p data-start=\"396\" data-end=\"465\">\ud83d\udc34 <strong data-start=\"399\" data-end=\"419\">Aktuelle Termine<\/strong> f\u00fcr Behandlungen, Kurse und Veranstaltungen<\/p>\n<\/li>\n<li data-start=\"466\" data-end=\"565\">\n<p data-start=\"468\" data-end=\"565\">\ud83d\udca1 <strong data-start=\"471\" data-end=\"494\">Spannende Einblicke<\/strong> und Wissenswertes rund um Osteopathie und Physiotherapie bei Pferden<\/p>\n<\/li>\n<li data-start=\"566\" data-end=\"632\">\n<p data-start=\"568\" data-end=\"632\">\ud83d\udee0\ufe0f <strong data-start=\"572\" data-end=\"586\">Neuerungen<\/strong> in unserem Angebot und aus dem Praxisalltag<\/p>\n<\/li>\n<li data-start=\"633\" data-end=\"692\">\n<p data-start=\"635\" data-end=\"692\">\ud83c\udf81 <strong data-start=\"638\" data-end=\"660\">Exklusive Angebote<\/strong> f\u00fcr Newsletter-Abonnent:innen<\/p>\n<\/li>\n<\/ul>\n<p data-start=\"694\" data-end=\"823\">So bist du immer bestens informiert und verpasst keine Neuigkeit mehr von <strong data-start=\"768\" data-end=\"822\">Tierosteopathie <\/strong><strong data-start=\"768\" data-end=\"822\">Marlen Morsdorf<\/strong>.<\/p>\n<p data-start=\"825\" data-end=\"875\">\ud83d\udc49 Jetzt anmelden und immer eine Pfote oder Huf voraus sein!<\/p>\n","protected":false},"excerpt":{"rendered":"<p>Bleib auf dem Laufenden \u2013 mit unserem Newsletter! Du m\u00f6chtest keine wichtigen Termine, Angebote oder Neuigkeiten rund um die Tierosteopathie und -physiotherapie verpassen? Dann melde dich jetzt zu unserem Newsletter an! Mit unserem Newsletter erf\u00e4hrst du regelm\u00e4\u00dfig: \ud83d\udc34 Aktuelle Termine f\u00fcr Behandlungen, Kurse und Veranstaltungen \ud83d\udca1 Spannende Einblicke und Wissenswertes rund um Osteopathie und Physiotherapie [&hellip;]<\/p>\n","protected":false},"author":1,"featured_media":0,"parent":0,"menu_order":0,"comment_status":"closed","ping_status":"closed","template":"elementor_header_footer","meta":{"inline_featured_image":false,"footnotes":""},"class_list":["post-339","page","type-page","status-publish","hentry"],"_links":{"self":[{"href":"https:\/\/tierosteopathie.sh\/index.php\/wp-json\/wp\/v2\/pages\/339","targetHints":{"allow":["GET"]}}],"collection":[{"href":"https:\/\/tierosteopathie.sh\/index.php\/wp-json\/wp\/v2\/pages"}],"about":[{"href":"https:\/\/tierosteopathie.sh\/index.php\/wp-json\/wp\/v2\/types\/page"}],"author":[{"embeddable":true,"href":"https:\/\/tierosteopathie.sh\/index.php\/wp-json\/wp\/v2\/users\/1"}],"replies":[{"embeddable":true,"href":"https:\/\/tierosteopathie.sh\/index.php\/wp-json\/wp\/v2\/comments?post=339"}],"version-history":[{"count":63,"href":"https:\/\/tierosteopathie.sh\/index.php\/wp-json\/wp\/v2\/pages\/339\/revisions"}],"predecessor-version":[{"id":410,"href":"https:\/\/tierosteopathie.sh\/index.php\/wp-json\/wp\/v2\/pages\/339\/revisions\/410"}],"wp:attachment":[{"href":"https:\/\/tierosteopathie.sh\/index.php\/wp-json\/wp\/v2\/media?parent=339"}],"curies":[{"name":"wp","href":"https:\/\/api.w.org\/{rel}","templated":true}]}}